{"id":759,"date":"2022-06-12T18:57:17","date_gmt":"2022-06-12T16:57:17","guid":{"rendered":"https:\/\/www.johannesschwelm.de\/wordpress\/?page_id=759"},"modified":"2022-06-12T19:10:48","modified_gmt":"2022-06-12T17:10:48","slug":"neuss-ist-schoener-wie-paris","status":"publish","type":"page","link":"https:\/\/www.johannesschwelm.de\/wordpress\/neuss-ist-schoener-wie-paris","title":{"rendered":"Neuss ist sch\u00f6ner wie Paris"},"content":{"rendered":"\n<div class=\"wp-container-2 wp-block-columns\">\n<div class=\"wp-container-1 wp-block-column\"><\/div>\n<\/div>\n\n\n\n<div class=\"wp-container-5 wp-block-columns\">\n<div class=\"wp-container-3 wp-block-column\" style=\"flex-basis:33.33%\">\n<figure class=\"wp-block-image size-large\"><a href=\"https:\/\/www.johannesschwelm.de\/wordpress\/wp-content\/uploads\/2022\/06\/Neuss-ist-scho\u0308ner-wie-Paris-Cover-1.jpg\"><img loading=\"lazy\" width=\"778\" height=\"1024\" src=\"https:\/\/www.johannesschwelm.de\/wordpress\/wp-content\/uploads\/2022\/06\/Neuss-ist-scho\u0308ner-wie-Paris-Cover-1-778x1024.jpg\" alt=\"\" class=\"wp-image-772\" srcset=\"https:\/\/www.johannesschwelm.de\/wordpress\/wp-content\/uploads\/2022\/06\/Neuss-ist-scho\u0308ner-wie-Paris-Cover-1-778x1024.jpg 778w, https:\/\/www.johannesschwelm.de\/wordpress\/wp-content\/uploads\/2022\/06\/Neuss-ist-scho\u0308ner-wie-Paris-Cover-1-228x300.jpg 228w, https:\/\/www.johannesschwelm.de\/wordpress\/wp-content\/uploads\/2022\/06\/Neuss-ist-scho\u0308ner-wie-Paris-Cover-1-768x1011.jpg 768w, https:\/\/www.johannesschwelm.de\/wordpress\/wp-content\/uploads\/2022\/06\/Neuss-ist-scho\u0308ner-wie-Paris-Cover-1-1167x1536.jpg 1167w, https:\/\/www.johannesschwelm.de\/wordpress\/wp-content\/uploads\/2022\/06\/Neuss-ist-scho\u0308ner-wie-Paris-Cover-1.jpg 1200w\" sizes=\"(max-width: 706px) 89vw, (max-width: 767px) 82vw, 740px\" \/><\/a><figcaption>Ludwigsfelder Verlagshaus<br>Auflage 2014<br>Auflage 2016<\/figcaption><\/figure>\n<\/div>\n\n\n\n<div class=\"wp-container-4 wp-block-column\" style=\"flex-basis:66.66%\">\n<p class=\"has-text-align-left\">Christoph H\u00e4usser ist Waise und wuchs in einem Kinderheim auf. Nach einer Straftat zieht der 19 j\u00e4hrige nach Neuss, weil dort seine einzige Verwandte lebt, Else, eine sonderbare alte Dame.<br>In seinem Leben geht es eigentlich nur um Liebe. Um Liebe, die nicht da ist. In Neuss lernt er die Liebe kennen, die k\u00e4ufliche, die schwule und die Liebe zu einer Frau.<\/p>\n\n\n\n<p class=\"has-text-align-left\"><em>&#8222;An Johannes Schwelm ist ein Schauspieler verloren gegangen. Als der Autor jetzt im Artline-Treff aus seinem Buch \u201eNeuss ist sch\u00f6ner wie Paris\u201c vorlas, pr\u00e4sentierte er sich facettenreich und ausdrucksvoll: Er lachte, jammerte, fluchte, was das Zeug hielt und wurde \u2013 ganz zum Vergn\u00fcgen seiner Zuh\u00f6rer \u2013 auch schon mal zickig, wenn er fl\u00fcssig zwischen den Redestilen seiner Personen wechselte und sich pl\u00f6tzlich im rheinischen \u201eDialekt\u201c aufregte. Dabei h\u00e4tte den belustigten Besuchern eigentlich das Lachen wie ein Klo\u00df im Halse stecken bleiben m\u00fcssen, setzt sich doch Schwelms Roman mit so bedr\u00fcckenden Themen wie fehlender Liebe, sozialer K\u00e4lte und Beziehungslosigkeit auseinander \u2026&#8220; Borkener Zeitung<\/em><\/p>\n<\/div>\n<\/div>\n","protected":false},"excerpt":{"rendered":"<p>Christoph H\u00e4usser ist Waise und wuchs in einem Kinderheim auf. Nach einer Straftat zieht der 19 j\u00e4hrige nach Neuss, weil dort seine einzige Verwandte lebt, Else, eine sonderbare alte Dame.In seinem Leben geht es eigentlich nur um Liebe. Um Liebe, die nicht da ist. In Neuss lernt er die Liebe kennen, die k\u00e4ufliche, die schwule &hellip; <\/p>\n<p class=\"link-more\"><a href=\"https:\/\/www.johannesschwelm.de\/wordpress\/neuss-ist-schoener-wie-paris\" class=\"more-link\"><span class=\"screen-reader-text\">\u201eNeuss ist sch\u00f6ner wie Paris\u201c<\/span> weiterlesen<\/a><\/p>\n","protected":false},"author":2,"featured_media":0,"parent":0,"menu_order":0,"comment_status":"closed","ping_status":"closed","template":"","meta":[],"_links":{"self":[{"href":"https:\/\/www.johannesschwelm.de\/wordpress\/wp-json\/wp\/v2\/pages\/759"}],"collection":[{"href":"https:\/\/www.johannesschwelm.de\/wordpress\/wp-json\/wp\/v2\/pages"}],"about":[{"href":"https:\/\/www.johannesschwelm.de\/wordpress\/wp-json\/wp\/v2\/types\/page"}],"author":[{"embeddable":true,"href":"https:\/\/www.johannesschwelm.de\/wordpress\/wp-json\/wp\/v2\/users\/2"}],"replies":[{"embeddable":true,"href":"https:\/\/www.johannesschwelm.de\/wordpress\/wp-json\/wp\/v2\/comments?post=759"}],"version-history":[{"count":3,"href":"https:\/\/www.johannesschwelm.de\/wordpress\/wp-json\/wp\/v2\/pages\/759\/revisions"}],"predecessor-version":[{"id":776,"href":"https:\/\/www.johannesschwelm.de\/wordpress\/wp-json\/wp\/v2\/pages\/759\/revisions\/776"}],"wp:attachment":[{"href":"https:\/\/www.johannesschwelm.de\/wordpress\/wp-json\/wp\/v2\/media?parent=759"}],"curies":[{"name":"wp","href":"https:\/\/api.w.org\/{rel}","templated":true}]}}