{"id":701,"date":"2022-06-07T11:52:11","date_gmt":"2022-06-07T09:52:11","guid":{"rendered":"https:\/\/www.johannesschwelm.de\/wordpress\/?page_id=701"},"modified":"2022-06-10T09:06:33","modified_gmt":"2022-06-10T07:06:33","slug":"das-kranke-haus-2","status":"publish","type":"page","link":"https:\/\/www.johannesschwelm.de\/wordpress\/das-kranke-haus-2","title":{"rendered":"Das kranke Haus"},"content":{"rendered":"\n<div class=\"wp-container-3 wp-block-columns\">\n<div class=\"wp-container-1 wp-block-column\" style=\"flex-basis:33.33%\">\n<figure class=\"wp-block-image size-large\"><a href=\"https:\/\/www.johannesschwelm.de\/wordpress\/wp-content\/uploads\/2022\/06\/Das-kranke-Haus_cover-scaled.jpeg\"><img loading=\"lazy\" width=\"768\" height=\"1024\" src=\"https:\/\/www.johannesschwelm.de\/wordpress\/wp-content\/uploads\/2022\/06\/Das-kranke-Haus_cover-768x1024.jpeg\" alt=\"\" class=\"wp-image-727\" srcset=\"https:\/\/www.johannesschwelm.de\/wordpress\/wp-content\/uploads\/2022\/06\/Das-kranke-Haus_cover-768x1025.jpeg 768w, https:\/\/www.johannesschwelm.de\/wordpress\/wp-content\/uploads\/2022\/06\/Das-kranke-Haus_cover-225x300.jpeg 225w, https:\/\/www.johannesschwelm.de\/wordpress\/wp-content\/uploads\/2022\/06\/Das-kranke-Haus_cover-1151x1536.jpeg 1151w, https:\/\/www.johannesschwelm.de\/wordpress\/wp-content\/uploads\/2022\/06\/Das-kranke-Haus_cover-1535x2048.jpeg 1535w, https:\/\/www.johannesschwelm.de\/wordpress\/wp-content\/uploads\/2022\/06\/Das-kranke-Haus_cover-scaled.jpeg 1919w\" sizes=\"(max-width: 706px) 89vw, (max-width: 767px) 82vw, 740px\" \/><\/a><figcaption>Ludwigsfelder Verlagshaus<br>1. Auflage 2012<br>2. Auflage 2018<\/figcaption><\/figure>\n\n\n\n<p><\/p>\n<\/div>\n\n\n\n<div class=\"wp-container-2 wp-block-column\" style=\"flex-basis:66.66%\">\n<p>Jonas Mundt qu\u00e4len r\u00e4tselhafte Symptome. Sein K\u00f6rper f\u00fchlt sich l\u00f6chrig an und l\u00e4uft aus. Die Welt erscheint ihm als Kulisse, hinter der nichts ist. Von Selbstmordgedanken getrieben, l\u00e4sst er sich freiwillig in die Psychiatrie einweisen. Er wei\u00df noch nicht, dass er dort mehrere Jahre verbringen wird.<br>In seinem ersten Roman schildert Johannes Schwelm nicht nur den Verlauf einer psychischen Erkrankung und ihren Heilungsprozess; er gibt auch einen Einblick in den leidvollen, aber auch bunten, skurrilen und manchmal aberwitzigen Alltag eines Psychiatrischen Krankenhauses und seiner Patienten.<\/p>\n<\/div>\n<\/div>\n\n\n\n<p><\/p>\n","protected":false},"excerpt":{"rendered":"<p>Jonas Mundt qu\u00e4len r\u00e4tselhafte Symptome. Sein K\u00f6rper f\u00fchlt sich l\u00f6chrig an und l\u00e4uft aus. Die Welt erscheint ihm als Kulisse, hinter der nichts ist. Von Selbstmordgedanken getrieben, l\u00e4sst er sich freiwillig in die Psychiatrie einweisen. Er wei\u00df noch nicht, dass er dort mehrere Jahre verbringen wird.In seinem ersten Roman schildert Johannes Schwelm nicht nur den &hellip; <\/p>\n<p class=\"link-more\"><a href=\"https:\/\/www.johannesschwelm.de\/wordpress\/das-kranke-haus-2\" class=\"more-link\"><span class=\"screen-reader-text\">\u201eDas kranke Haus\u201c<\/span> weiterlesen<\/a><\/p>\n","protected":false},"author":2,"featured_media":0,"parent":0,"menu_order":0,"comment_status":"closed","ping_status":"closed","template":"","meta":[],"_links":{"self":[{"href":"https:\/\/www.johannesschwelm.de\/wordpress\/wp-json\/wp\/v2\/pages\/701"}],"collection":[{"href":"https:\/\/www.johannesschwelm.de\/wordpress\/wp-json\/wp\/v2\/pages"}],"about":[{"href":"https:\/\/www.johannesschwelm.de\/wordpress\/wp-json\/wp\/v2\/types\/page"}],"author":[{"embeddable":true,"href":"https:\/\/www.johannesschwelm.de\/wordpress\/wp-json\/wp\/v2\/users\/2"}],"replies":[{"embeddable":true,"href":"https:\/\/www.johannesschwelm.de\/wordpress\/wp-json\/wp\/v2\/comments?post=701"}],"version-history":[{"count":2,"href":"https:\/\/www.johannesschwelm.de\/wordpress\/wp-json\/wp\/v2\/pages\/701\/revisions"}],"predecessor-version":[{"id":728,"href":"https:\/\/www.johannesschwelm.de\/wordpress\/wp-json\/wp\/v2\/pages\/701\/revisions\/728"}],"wp:attachment":[{"href":"https:\/\/www.johannesschwelm.de\/wordpress\/wp-json\/wp\/v2\/media?parent=701"}],"curies":[{"name":"wp","href":"https:\/\/api.w.org\/{rel}","templated":true}]}}

<div class="wp-container-3 wp-block-columns">
<div class="wp-container-1 wp-block-column" style="flex-basis:33.33%">
<figure class="wp-block-image size-large"><a href="https://www.johannesschwelm.de/wordpress/wp-content/uploads/2022/06/Das-kranke-Haus_cover-scaled.jpeg"><img loading="lazy" width="768" height="1024" src="https://www.johannesschwelm.de/wordpress/wp-content/uploads/2022/06/Das-kranke-Haus_cover-768x1024.jpeg" alt="" class="wp-image-727" srcset="https://www.johannesschwelm.de/wordpress/wp-content/uploads/2022/06/Das-kranke-Haus_cover-768x1025.jpeg 768w, https://www.johannesschwelm.de/wordpress/wp-content/uploads/2022/06/Das-kranke-Haus_cover-225x300.jpeg 225w, https://www.johannesschwelm.de/wordpress/wp-content/uploads/2022/06/Das-kranke-Haus_cover-1151x1536.jpeg 1151w, https://www.johannesschwelm.de/wordpress/wp-content/uploads/2022/06/Das-kranke-Haus_cover-1535x2048.jpeg 1535w, https://www.johannesschwelm.de/wordpress/wp-content/uploads/2022/06/Das-kranke-Haus_cover-scaled.jpeg 1919w" sizes="(max-width: 706px) 89vw, (max-width: 767px) 82vw, 740px" /></a><figcaption>Ludwigsfelder Verlagshaus<br>1. Auflage 2012<br>2. Auflage 2018</figcaption></figure>



<p></p>
</div>



<div class="wp-container-2 wp-block-column" style="flex-basis:66.66%">
<p>Jonas Mundt quälen rätselhafte Symptome. Sein Körper fühlt sich löchrig an und läuft aus. Die Welt erscheint ihm als Kulisse, hinter der nichts ist. Von Selbstmordgedanken getrieben, lässt er sich freiwillig in die Psychiatrie einweisen. Er weiß noch nicht, dass er dort mehrere Jahre verbringen wird.<br>In seinem ersten Roman schildert Johannes Schwelm nicht nur den Verlauf einer psychischen Erkrankung und ihren Heilungsprozess; er gibt auch einen Einblick in den leidvollen, aber auch bunten, skurrilen und manchmal aberwitzigen Alltag eines Psychiatrischen Krankenhauses und seiner Patienten.</p>
</div>
</div>



<p></p>

<p>Jonas Mundt quälen rätselhafte Symptome. Sein Körper fühlt sich löchrig an und läuft aus. Die Welt erscheint ihm als Kulisse, hinter der nichts ist. Von Selbstmordgedanken getrieben, lässt er sich freiwillig in die Psychiatrie einweisen. Er weiß noch nicht, dass er dort mehrere Jahre verbringen wird.In seinem ersten Roman schildert Johannes Schwelm nicht nur den &hellip; </p>
<p class="link-more"><a href="https://www.johannesschwelm.de/wordpress/das-kranke-haus-2" class="more-link"><span class="screen-reader-text">„Das kranke Haus“</span> weiterlesen</a></p>
